(w) = -4422*w + 79607. What is s(18)?
11
Let v(y) = -846341*y - 2539015. Determine v(-3).
8
Let z(n) = -1272*n - 87692. Calculate z(-69).
76
Let l(j) = 3006*j - 24097. Determine l(8).
-49
Let r(w) = w**2 - 9*w + 33. What is r(12)?
69
Let v(w) = w**3 + 43*w**2 + 4568*w + 13353. Give v(-3).
9
Let r(y) = 229556*y - 9411789. Calculate r(41).
7
Let g(y) = 102*y + 27086. Calculate g(-265).
56
Let c(p) = 2*p**3 + 8*p**2 + 58*p + 879. Calculate c(-10).
-901
Let k(a) = a**2 + 329*a + 2265. Calculate k(-7).
11
Let i(t) = 2*t**3 - 130*t**2 + 11*t - 2030. Give i(65).
-1315
Let v(q) = 4*q**3 + 222*q**2 - 1068*q + 718. Calculate v(-60).
-2
Let q(y) = -497109*y + 3479765. What is q(7)?
2
Let b(d) = -5150893*d - 51508932. Give b(-10).
-2
Let q(o) = o**3 + 8*o**2 + 15253*o + 30493. What is q(-2)?
11
Let s(y) = y**3 - 23*y**2 + 47*y + 304. Determine s(6).
-26
Let j(h) = h**3 - 41*h**2 - 5128*h + 206732. Give j(40).
12
Let t(v) = v**2 - 956*v + 142641. What is t(185)?
6
Let u(w) = -21*w**2 - 180*w + 60. Give u(-9).
-21
Let a(b) = -2*b**3 - 48*b**2 + 2297*b - 1061. Give a(-48).
-725
Let p(t) = 101*t**2 - 527*t + 138. Give p(5).
28
Let p(y) = 3460*y + 9174. What is p(-3)?
-1206
Let c(d) = 2*d**2 - 36090*d - 180495. Give c(-5).
5
Let f(w) = 2*w**2 + 3369*w + 37. What is f(0)?
37
Let t(z) = -z**3 + 77*z**2 - 725*z + 31578. Give t(73).
-31
Let k(w) = 468*w**2 - 8471*w + 15736. Calculate k(16).
8
Let o(n) = -467*n - 25750. Give o(-55).
-65
Let p(q) = -27313*q + 190264. Calculate p(7).
-927
Let a(z) = 26*z**2 - 750*z + 276. Calculate a(28).
-340
Let i(u) = 2085*u**2 - u + 18. Give i(1).
2102
Let v(q) = 764*q + 47276. Determine v(-62).
-92
Let r(n) = -2*n**3 - 115*n**2 - 84*n + 168. Calculate r(-56).
-4536
Let g(b) = -b**3 + 38*b**2 - 604*b + 2427. Determine g(6).
-45
Let k(a) = a**3 + 21*a**2 - 755*a - 5978. What is k(-7)?
-7
Let m(f) = -357*f**3 + 1289*f - 2575. Give m(2).
-2853
Let v(f) = 28*f - 1691. What is v(64)?
101
Let i(d) = 12*d**2 - 1225*d - 142. Calculate i(0).
-142
Let h(b) = -5862*b - 23402. What is h(-4)?
46
Let l(r) = 199*r - 3682. Determine l(19).
99
Let q(l) = l**2 + 215*l - 840. What is q(-201)?
-3654
Let u(t) = t**2 - 1166*t + 2160. Give u(0).
2160
Let i(b) = -423*b + 50665. Determine i(120).
-95
Let b(u) = -u**2 + 5131*u + 180832. Calculate b(-35).
22
Let j(y) = y**3 + 70*y**2 + 791*y + 2021. Calculate j(-4).
-87
Let r(s) = -26288*s + 131355. What is r(5)?
-85
Let g(u) = -804*u + 140699. Calculate g(175).
-1
Let u(x) = -x**3 - 97*x**2 + 671*x + 5455. Give u(-103).
-4
Let p(f) = 2*f**2 + 435*f - 5290. Give p(-226).
-1448
Let o(v) = -1450*v - 8033. Give o(-5).
-783
Let k(i) = 3*i**2 - 280*i - 4973. Determine k(109).
150
Let w(x) = -x**3 - 672*x**2 + 16019*x - 797. Give w(23).
-15
Let w(i) = 3500*i + 192497. Give w(-55).
-3
Let y(t) = -t**2 + 126748*t + 30477116. Give y(-240).
-4
Let b(p) = 719*p - 26589. Calculate b(37).
14
Let c(x) = -4253*x - 846318. Determine c(-199).
29
Let s(r) = -1441*r + 145440. Determine s(101).
-101
Let l(h) = h**3 - 27*h**2 - 317*h + 62. Give l(-9).
-1
Let d(t) = t**2 - 11001*t - 209404. Determine d(-19).
-24
Let p(x) = -203*x + 4250. What is p(24)?
-622
Let y(m) = 36*m**3 - 901*m**2 + 26*m + 62. Give y(25).
87
Let u(h) = -h**2 - 300*h + 929. Calculate u(3).
20
Let i(l) = l**2 - 1382*l + 105334. What is i(81)?
-47
Let q(v) = 3864*v - 13663. Give q(3).
-2071
Let f(m) = -4179*m - 154625. Give f(-37).
-2
Let h(f) = 2*f**3 + 8*f**2 - 72*f - 73. What is h(6)?
215
Let x(o) = 2*o**3 - 13*o**2 - 118479*o + 355503. Calculate x(3).
3
Let h(p) = -1339*p + 50119. Give h(36).
1915
Let p(w) = -w**2 + 94*w - 1428. Calculate p(14).
-308
Let x(f) = -f**3 + 105*f**2 - 1276*f + 187. Determine x(91).
5
Let a(m) = m**3 - 17*m**2 - 118*m + 1693. Give a(9).
-17
Let f(i) = -34863*i + 1987223. What is f(57)?
32
Let f(k) = -660*k**2 - 4611*k + 59. Calculate f(-7).
-4
Let j(x) = x**3 - 237*x**2 - 517*x + 66411. Determine j(238).
9
Let p(z) = z**2 + 29416*z - 88247. Give p(3).
10
Let x(a) = a**3 - 45*a**2 - 2158*a - 336. Calculate x(-29).
12
Let x(s) = 5903*s + 419105. Calculate x(-71).
-8
Let g(q) = -6*q**2 + 8761*q - 78348. Give g(9).
15
Let p(x) = 10641*x - 6969863. Determine p(655).
-8
Let m(r) = -206*r**2 - 11055*r + 3737. What is m(-54)?
11
Let k(n) = -5*n**3 - 49*n**2 + 21*n + 43. What is k(-8)?
-701
Let b(s) = -1050*s - 24175. What is b(-23)?
-25
Let k(y) = 38477*y - 4848014. Determine k(126).
88
Let l(u) = -593*u - 227112. What is l(-383)?
7
Let c(p) = 49*p**2 - 2674*p + 12118. What is c(5)?
-27
Let i(r) = 1655*r - 9504. Give i(6).
426
Let b(z) = -2*z**3 - 76*z**2 + 2014*z - 114. What is b(-56)?
-2
Let x(t) = t**3 - 62*t**2 - 91*t + 1563. Give x(63).
-201
Let t(q) = 940*q - 18870. Calculate t(20).
-70
Let h(f) = -3*f**2 - 3066*f + 46768. Determine h(15).
103
Let l(h) = -5*h**2 - 3484*h + 135755. Give l(37).
2
Let u(b) = 714*b**2 - 62115*b - 270. Calculate u(87).
-9
Let l(v) = -v**2 + 445*v + 84821. Give l(589).
5
Let k(i) = -i**3 - 1950*i**2 + 47373*i + 42. Calculate k(24).
-30
Let s(r) = 1348*r + 123980. Give s(-92).
-36
Let a(w) = -2*w**3 - 14*w**2 + 75*w + 14. What is a(-10)?
-136
Let x(i) = -171*i**2 + 7523*i + 60. What is x(44)?
16
Let f(i) = -13673*i - 54553. Calculate f(-4).
139
Let n(m) = 6*m**2 - 1380*m - 16544. Determine n(-12).
880
Let k(q) = -2899*q - 17384. Determine k(-6).
10
Let t(a) = 25*a**2 + 1527*a - 1660. Determine t(-58).
-6126
Let o(i) = -1587*i + 18502. What is o(12)?
-542
Let o(g) = 4*g**3 - 437*g**2 - 10781*g - 1157. Calculate o(130).
13
Let t(b) = 816*b - 441584. What is t(541)?
-128
Let r(l) = l**3 + 2*l**2 - 698*l - 4032. Determine r(-6).
12
Let a(y) = 113*y**2 + 21*y - 2. Give a(-3).
952
Let f(h) = -15*h**2 - 689*h + 110986. Determine f(-112).
-6
Let y(z) = 17*z**2 - 314*z - 83. Determine y(21).
820
Let y(z) = -1786*z + 30576. What is y(17)?
214
Let m(z) = -2*z**2 - 238*z + 24415. Calculate m(-185).
-5
Let h(i) = 47*i**2 + 133*i + 69. Determine h(-2).
-9
Let z(a) = a**2 + 6822*a - 1672988. What is z(237)?
-5
Let d(r) = -19475*r - 311595. Calculate d(-16).
5
Let d(c) = c**2 + 66*c + 374. Give d(-29).
-699
Let d(x) = 325*x - 130833. What is d(402)?
-183
Let u(b) = 2253*b + 193747. Determine u(-86).
-11
Let o(k) = 16*k**3 + 216*k**2 - 199*k - 1205. Calculate o(-14).
13
Let b(a) = 7*a**2 + 321*a + 2315. Calculate b(-35).
-345
Let o(z) = -32*z**2 - 572*z + 6205. Determine o(9).
-1535
Let m(b) = -3*b**3 - 141*b**2 - 35*b - 1638. Give m(-47).
7
Let u(q) = -47840*q - 908832. Determine u(-19).
128
Let n(g) = 13*g**2 + 2828*g - 18. What is n(0)?
-18
Let o(j) = -3197*j - 32855. Calculate o(-10).
-885
Let h(r) = r**2 + 498*r + 42145. Give h(-108).
25
Let b(w) = 3084*w + 40175. Determine b(-13).
83
Let n(f) = -f**2 + 21*f + 1467. Calculate n(-29).
17
Let a(u) = -4954*u**2 - 64415*u - 160. Calculate a(-13).
9
Let i(s) = -2*s**2 - 2031*s - 208748. Determine i(-116).
-64
Let q(d) = 30*d**2 + 105*d + 227. What is q(-8)?
1307
Let p(h) = h**2 - 37*h - 392. What is p(-10)?
78
Let z(a) = a**3 - 128*a**2 + 489*a + 1073. Calculate z(124).
205
Let u(z) = z**2 + 274*z + 14007. Determine u(-68).
-1
Let c(p) = 58*p**2 - 1335*p + 3. Determine c(23).
-20
Let y(r) = -47878*r - 287264. What is y(-6)?
4
Let p(i) = -i**3 + 369*i**2 + 831*i - 33005. What is p(371)?
14
Let w(a) = 5540*a**2 + 94186*a + 93. Give w(-17).
-9
Let b(s) = -181*s**2 + 7966*s - 135. What is b(44)?
-47
Let a(x) = 166196*x + 1994358. What is a(-12)?
6
Let q(s) = s**3 + 16*s**2 - 19407*s - 329665. Give q(-17).
-35
Let k(d) = d**3 - 181*d**2 - 4*d + 501. What is k(181)?
-223
Let r(z) = 5*z**3 + 484*z**2 - 585*z + 296. What is r(-98)?
2
Let u(b) = -11*b**3 + 99*b**2 - 453*b + 4043. What is u(9)?
-34
Let w(m) = 1322*m + 15572. Give w(-12).
-292
Let y(f) = 3*f**3 + 236*f**2 + 109*f - 3680. Give y(-78).
-14
Let s(k) = -656*k**2 + 3247*k - 9. Determine s(5).
-174
Let a(i) = i**3 - 100*i**2 + 445*i + 2849. Calculate a(95).
-1
Let y(z) = -182*z**3 + 4*z**2 + 1943*z - 1948. Give y(1).
-183
Let v(j) = 32*j**2 - 33270*j - 99814. Calculate v(-3).
284
Let j(d) = -300*d + 11365. Determine j(37).
265
Let h(t) = -52569*t - 52592. Calculate h(-1).
-23
Let p(a) = -6*a**3 + 5*a**2 - 2450*a - 21973. Give p(-9).
4856
Let m(g) = g**3 - 7*g**2 + 958*g + 6659. Determine m(-7).
-733
Let y(m) = -m*